101101100101
In base 16, what is 382a - 66?
37c4
In base 5, what is 1230 + 40124?
41404
In base 2, what is -1000011010101011 - 10?
-1000011010101101
In base 10, what is 77 + -142?
-65
In base 16, what is -4 - -71f0?
71ec
In base 2, what is -111001 - 1110100?
-10101101
In base 15, what is -4d + -166?
-1b4
In base 13, what is -12 - -346?
334
In base 10, what is -7 + -7012?
-7019
In base 3, what is -20 - 1022120211?
-1022121001
In base 15, what is -d11 + 1a?
-ce6
In base 7, what is -6 - 11261051?
-11261060
In base 11, what is 5966 + -12?
5954
In base 9, what is 28 + -3814?
-3775
In base 10, what is -1 - -2589?
2588
In base 15, what is -2 - -9d4?
9d2
In base 5, what is -11132012 + 3?
-11132004
In base 2, what is 11101101 + 100011001?
1000000110
In base 3, what is -1111111 + 1012220?
-21121
In base 16, what is -144 - -92?
-b2
In base 9, what is -104425 + 11?
-104414
In base 12, what is -1516 - -17?
-14bb
In base 3, what is 2 + 100001120121?
100001120200
In base 6, what is 1150 + -311243?
-310053
In base 12, what is -444 - 1a50?
-2294
In base 4, what is -10 - 1321023?
-1321033
In base 15, what is -3b - 1b2?
-1ed
In base 9, what is -82218 - -1?
-82217
In base 16, what is 2c8f77 + -4?
2c8f73
In base 12, what is 71b + 296?
9b5
In base 6, what is -1230 - 15520?
-21150
In base 2, what is -101010001 + 100?
-101001101
In base 13, what is 3a9 + 83?
45c
In base 12, what is 307a5 - 4?
307a1
In base 7, what is 235 + -2366?
-2131
In base 3, what is -120200100020201 + -11?
-120200100020212
In base 5, what is 2 + 1010343?
1010400
In base 15, what is -3b8e - -5?
-3b89
In base 8, what is -1402 - 60?
-1462
In base 3, what is 21 - 111120002?
-111112211
In base 12, what is -409 - -1093?
886
In base 5, what is -23042 - 10?
-23102
In base 16, what is -e + -4ef?
-4fd
In base 6, what is -124503 + 204?
-124255
In base 5, what is -110 - 31440?
-32100
In base 9, what is -522 + -1762?
-2384
In base 15, what is 1 - 76d8a?
-76d89
In base 7, what is -1264356 + 4?
-1264352
In base 7, what is 203 + -46?
124
In base 13, what is -61818 - 7?
-61822
In base 4, what is -3031102203 - 11?
-3031102220
In base 8, what is -132 - -4716?
4564
In base 10, what is -48 - -2187?
2139
In base 10, what is 96371 + 2?
96373
In base 15, what is -4 - 6ee0c?
-6ee11
In base 3, what is -200120 + -22?
-200212
In base 12, what is -157ba - 2?
-15800
In base 3, what is -10000020 - 1012?
-10001102
In base 12, what is -5382b + 5?
-53826
In base 6, what is -4 + 220440?
220432
In base 3, what is 2001 - -1012111?
1021112
In base 4, what is 1102310201 - 11?
1102310130
In base 10, what is 21 + 1459?
1480
In base 8, what is 22 + 14607?
14631
In base 8, what is 133754 + -5?
133747
In base 13, what is -3 + -5268?
-526b
In base 10, what is 53 - 34638?
-34585
In base 4, what is 222 - -300312?
301200
In base 12, what is 1aa9 + 76?
1b63
In base 11, what is -a5a - 328?
-1287
In base 6, what is 5 + -2104524?
-2104515
In base 16, what is -3 + -9d2?
-9d5
In base 12, what is -5183 + -30?
-51b3
In base 14, what is 108 + -9d7?
-8cd
In base 15, what is e3c + 3d?
e7a
In base 3, what is -210012210 + -12002?
-210101212
In base 7, what is -2 - 30624?
-30626
In base 7, what is 503 + 3?
506
In base 12, what is 190007 + 5?
190010
In base 16, what is -3 + -9724?
-9727
In base 15, what is 5a + -5ab?
-551
In base 16, what is -2 + 158307?
158305
In base 16, what is fe + -f5?
9
In base 7, what is -6 + -61455?
-61464
In base 12, what is -7 - -b5264?
b5259
In base 7, what is -14336 - -1162?
-13144
In base 10, what is 1 - -553481?
553482
In base 16, what is 2b + -2d0?
-2a5
In base 7, what is 1126 - -5224?
6353
In base 12, what is 5372 - 14?
535a
In base 11, what is -45a6 + -28?
-4623
In base 3, what is 2202012100 - -12?
2202012112
In base 12, what is -6 - 1099?
-10a3
In base 8, what is -736 + 4115?
3157
In base 7, what is -40 + 60514?
60444
In base 13, what is 44 - a79?
-a35
In base 16, what is -499cd - 5?
-499d2
In base 14, what is 4401b - -2?
4401d
In base 11, what is -31 + 9?
-23
In base 8, what is -5 - -1631?
1624
In base 2, what is -111110 - 100010110010?
-100011110000
In base 5, what is -10401011 + -2?
-10401013
In base 3, what is -100022122020 - 0?
-100022122020
In base 3, what is -1101 + -22220?
-101021
In base 12, what is -118 + 74?
-64
In base 15, what is -1 + -3203?
-3204
In base 3, what is 10 + -202110111?
-202110101
In base 7, what is 40 - 4420?
-4350
In base 6, what is -4323 - -3322?
-1001
In base 2, what is -101101101101101101101 - 0?
-101101101101101101101
In base 4, what is 220 + 311230?
312110
In base 11, what is 1822 - 0?
1822
In base 6, what is 114435 + 43?
114522
In base 10, what is 2 - -108943?
108945
In base 3, what is -11021 - -2020121011?
2020102220
In base 13, what is -321513 + -1?
-321514
In base 15, what is -d + 1229?
121b
In base 5, what is -22 + 4114211?
4114134
In base 14, what is 358130 - 4?
35812a
In base 12, what is -5715 - a9?
-5802
In base 4, what is 112110 - -2?
112112
In base 5, what is 0 + 1430221?
1430221
In base 14, what is -642 - -13?
-62d
In base 7, what is -41 - 26323?
-26364
In base 15, what is 2028a2 + -3?
20289e
In base 12, what is 6b895 + 16?
6b8ab
In base 9, what is 32105 + 1?
32106
In base 7, what is 134 + -216?
-52
In base 3, what is -220210112 - -2?
-220210110
In base 3, what is 102 - 1001111211?
-1001111102
In base 14, what is -1128 - -16?
-1112
In base 9, what is -30 - -53216?
53176
In base 10, what is 598 + 445?
1043
In base 9, what is -8072 + -14?
-8086
In base 7, what is -1 - 5134164?
-5134165
In base 13, what is 2 + 1a815?
1a817
In base 8, what is -160 - -7054?
6674
In base 2, what is -100100111110100 + 10?
-100100111110010
In base 7, what is 3 - -132264?
132300
In base 3, what is 2 + -1000102120?
-1000102111
In base 4, what is -10 - 20002000?
-20002010
In base 9, what is 5 - 45105?
-45100
In base 11, what is -5a150 - -29?
-5a122
In base 5, what is 411 - 2101?
-1140
In base 12, what is -201 - -42?
-17b
In base 2, what is -1000 - -1000111011100111?
1000111011011111
In base 5, what is 41 - -40330?
40421
In base 13, what is 321398 + -4?
321394
In base 12, what is -114a7 + -1?
-114a8
In base 8, what is 642 + -14272?
-13430
In base 13, what is -506 + -b53?
-1359
In base 3, what is 12020 + 102201?
121221
In base 6, what is 52001 - -15?
52020
In base 9, what is -864 + -7861?
-8835
In base 14, what is -18b + cc?
-9d
In base 10, what is 570 - -21?
591
In base 5, what is 3 - -14412404?
14412412
In base 11, what is -2 + -76a9?
-7700
In base 11, what is -192 + 514?
332
In base 2, what is -1000000001010001 + 100011001?
-111111100111000
In base 14, what is 1337 - 1?
1336
In base 7, what is 10 + -322244?
-322234
In base 13, what is -25 + -1b31?
-1b56
In base 15, what is 18 - -17462?
1747a
In base 12, what is -628 + 36?
-5b2
In base 12, what is -3435 + -33?
-3468
In base 2, what is -1 - 110110111000011111000?
-110110111000011111001
In base 5, what is 44121 + -334?
43232
In base 15, what is -33 - -11d?
da
In base 14, what is -d + 14c50?
14c41
In base 13, what is 11 - 583?
-572
In base 4, what is 2 + -33120121?
-33120113
In base 7, what is -25 + -32214?
-32242
In base 12, what is -b012 + -1?
-b013
In base 8, what is 545133 - 7?
545124
In base 14, what is -3d - -b2?
73
In base 11, what is 31744 - 64?
31690
In base 16, what is 6b67 + -5?
6b62
In base 9, what is 68 - 10232?
-10153
In base 11, what is 22 + -77268?
-77246
In base 10, what is 0 - -371983?
371983
In base 10, what is 5 + -3176?
-3171
In base 16, what is -64 + 159?
f5
In base 8, what is -6521 + -72?
-6613
In base 10, what is 438041 + 5?
438046
In base 16, what is 84 + -93?
-f
In base 3, what is -22101 + 1010211?
211110
In base 2, what is 10110 + -10101001101111?
-10101001011001
In base 4, what is 1033133 + 2?
1033201
In base 3, what is -10101010 + 211221?
-2112012
In base 9, what is -3856763 + 2?
-3856761
In base 16, what is -5 - 42129?
-4212e
In base 9, what is 17 + -1782?
-1764
In base 5, what is 4314433 + 14?
4320002
In base 2, what is -101 + 11100101110010?
11100101101101
In base 16, what is -110 - 17b?
-28b
In base 8, what is 10 + -5147?
-5137
In base 12, what is -344 + 1a?
-326
In base 15, what is 19e + -4563?
-43b4
In base 9, what is -6 + -13407?
-13414
In base 8, what is 510 + 501?
1211
In base 6, what is -25124 - -1352?
-23332
In base